{"id":104,"date":"2022-05-04T15:00:03","date_gmt":"2022-05-04T15:00:03","guid":{"rendered":"http:\/\/pralca.com.ve\/wp3\/?page_id=104"},"modified":"2025-09-19T13:45:13","modified_gmt":"2025-09-19T17:45:13","slug":"producimos-oxido-de-etileno-y-glicoles-de-etileno","status":"publish","type":"page","link":"https:\/\/pralca.com.ve\/?page_id=104","title":{"rendered":"Producimos \u00d3xido de Etileno y Glicoles de Etileno"},"content":{"rendered":"<p>\r\n\r\n<\/p>\r\n<p><span style=\"font-family: arial, helvetica, sans-serif;\"><strong>Nuestro \u00d3xido de Etileno, as\u00ed como el MEG, DEG, TEG y CEG que producimos, cumple con los m\u00e1s altos est\u00e1ndares nacionales e internacionales.<\/strong><\/span><\/p>\r\n\r\n\r\n\r\n<p class=\"has-white-color has-text-color\">\u00a0<\/p>\r\n\r\n\r\n\r\n<h2 class=\"wp-block-heading\"><span style=\"font-family: arial, helvetica, sans-serif;\">\u00d3xido de Etileno<\/span><\/h2>\r\n<h2><img fetchpriority=\"high\" decoding=\"async\" class=\"wp-image-1355 size-medium alignright\" style=\"font-size: 16px;\" src=\"https:\/\/pralca.com.ve\/wp-content\/uploads\/2025\/08\/1-FICHA-COMERCIAL-PRALCA-MEG-GRADO-FIBRA-2025-232x300.jpg\" alt=\"\" width=\"232\" height=\"300\" srcset=\"https:\/\/pralca.com.ve\/wp-content\/uploads\/2025\/08\/1-FICHA-COMERCIAL-PRALCA-MEG-GRADO-FIBRA-2025-232x300.jpg 232w, https:\/\/pralca.com.ve\/wp-content\/uploads\/2025\/08\/1-FICHA-COMERCIAL-PRALCA-MEG-GRADO-FIBRA-2025-791x1024.jpg 791w, https:\/\/pralca.com.ve\/wp-content\/uploads\/2025\/08\/1-FICHA-COMERCIAL-PRALCA-MEG-GRADO-FIBRA-2025-768x994.jpg 768w, https:\/\/pralca.com.ve\/wp-content\/uploads\/2025\/08\/1-FICHA-COMERCIAL-PRALCA-MEG-GRADO-FIBRA-2025-1187x1536.jpg 1187w, https:\/\/pralca.com.ve\/wp-content\/uploads\/2025\/08\/1-FICHA-COMERCIAL-PRALCA-MEG-GRADO-FIBRA-2025-1583x2048.jpg 1583w, https:\/\/pralca.com.ve\/wp-content\/uploads\/2025\/08\/1-FICHA-COMERCIAL-PRALCA-MEG-GRADO-FIBRA-2025-scaled.jpg 1978w\" sizes=\"(max-width: 232px) 100vw, 232px\" \/><\/h2>\r\n\r\n\r\n\r\n<p><span style=\"font-family: arial, helvetica, sans-serif;\">El \u00d3xido de Etileno es utilizado en la elaboraci\u00f3n de:<\/span><\/p>\r\n\r\n\r\n\r\n<p><span style=\"font-family: arial, helvetica, sans-serif;\"><strong>G<\/strong><strong>l<\/strong><strong>i<\/strong><strong>col<\/strong><strong>e<\/strong><strong>s<\/strong><\/span><\/p>\r\n<p><span style=\"font-family: arial, helvetica, sans-serif;\">\r\n\r\n<\/span><\/p>\r\n<p><span style=\"font-family: arial, helvetica, sans-serif;\">\u00a0\u00a0\u00a0\u00a0\u00a0 Envases pl\u00e1sticos.<\/span><\/p>\r\n<p><span style=\"font-family: arial, helvetica, sans-serif;\">\r\n\r\n<\/span><\/p>\r\n<p><span style=\"font-family: arial, helvetica, sans-serif;\">\u00a0\u00a0\u00a0\u00a0\u00a0 Secado de gases.<\/span><\/p>\r\n<p><span style=\"font-family: arial, helvetica, sans-serif;\">\r\n\r\n<\/span><\/p>\r\n<p><span style=\"font-family: arial, helvetica, sans-serif;\">\u00a0 \u00a0 \u00a0 Anticongelante aditivo t\u00e9rmico.<\/span><\/p>\r\n<p><span style=\"font-family: arial, helvetica, sans-serif;\">\r\n\r\n<\/span><\/p>\r\n<p><span style=\"font-family: arial, helvetica, sans-serif;\">\u00a0\u00a0\u00a0\u00a0\u00a0 Regulador de viscosidad.\u00a0 \u00a0 \u00a0 \u00a0 \u00a0 \u00a0 \u00a0 \u00a0 \u00a0 \u00a0 \u00a0 \u00a0 \u00a0 \u00a0 \u00a0 \u00a0 \u00a0<\/span><\/p>\r\n<p><span style=\"font-family: arial, helvetica, sans-serif;\">\u00a0 \u00a0 \u00a0 Textiles.\u00a0 \u00a0 \u00a0 \u00a0 \u00a0 \u00a0 \u00a0 \u00a0 \u00a0 \u00a0 \u00a0 \u00a0 \u00a0 \u00a0 \u00a0 \u00a0 \u00a0 \u00a0 \u00a0 \u00a0 \u00a0 \u00a0 \u00a0 \u00a0 \u00a0 \u00a0 \u00a0 \u00a0 \u00a0 \u00a0 \u00a0 \u00a0 \u00a0 \u00a0 \u00a0 \u00a0 \u00a0 \u00a0 \u00a0<\/span><\/p>\r\n<p><span style=\"font-family: arial, helvetica, sans-serif;\">\u00a0 \u00a0 \u00a0 Papel y pulpa. \u00a0 \u00a0 \u00a0 \u00a0 \u00a0 \u00a0 \u00a0 \u00a0 \u00a0 \u00a0 \u00a0 \u00a0 \u00a0 \u00a0 \u00a0 \u00a0 \u00a0 \u00a0 \u00a0 \u00a0 \u00a0 \u00a0 \u00a0 \u00a0 \u00a0 \u00a0 \u00a0 \u00a0 \u00a0 \u00a0 \u00a0 \u00a0 \u00a0 \u00a0 \u00a0 \u00a0 \u00a0 \u00a0 \u00a0 \u00a0 \u00a0 \u00a0 \u00a0 \u00a0 \u00a0 \u00a0 \u00a0 \u00a0 \u00a0 \u00a0 \u00a0 \u00a0 \u00a0 \u00a0 \u00a0 \u00a0 \u00a0 \u00a0 \u00a0 \u00a0 \u00a0 \u00a0 \u00a0 \u00a0 \u00a0 \u00a0 \u00a0<a class=\"maxbutton-1 maxbutton maxbutton-meg-2022 popmake-337\" target=\"_blank\" rel=\"noopener\" href=\"#\"><span class='mb-text'>M\u00e1s Informaci\u00f3n<\/span><\/a>\u00a0<\/span><\/p>\r\n<p><span style=\"font-family: arial, helvetica, sans-serif;\">\u00a0 \u00a0 \u00a0 Herbicidas Fungicida.\u00a0<\/span><\/p>\r\n<p><span style=\"font-family: arial, helvetica, sans-serif;\"><strong>Desemulsificante<\/strong><\/span><\/p>\r\n<p><span style=\"font-family: arial, helvetica, sans-serif;\">\r\n\r\n\r\n\r\n\r\n\r\n<\/span><\/p>\r\n<p><span style=\"font-family: arial, helvetica, sans-serif;\">\u00a0\u00a0\u00a0\u00a0 Tratamiento de aguas.<\/span><\/p>\r\n<p><span style=\"font-family: arial, helvetica, sans-serif;\">\r\n\r\n<\/span><\/p>\r\n<p><span style=\"font-family: arial, helvetica, sans-serif;\">\u00a0\u00a0\u00a0\u00a0 Deshidrataci\u00f3n de crudos.<\/span><\/p>\r\n<p><img decoding=\"async\" class=\"wp-image-1356 size-medium alignright\" src=\"https:\/\/pralca.com.ve\/wp-content\/uploads\/2025\/08\/3-FICHA-COMERCIAL-PRALCA-MEG-GRADO-Industrial-2025-232x300.jpg\" alt=\"\" width=\"232\" height=\"300\" srcset=\"https:\/\/pralca.com.ve\/wp-content\/uploads\/2025\/08\/3-FICHA-COMERCIAL-PRALCA-MEG-GRADO-Industrial-2025-232x300.jpg 232w, https:\/\/pralca.com.ve\/wp-content\/uploads\/2025\/08\/3-FICHA-COMERCIAL-PRALCA-MEG-GRADO-Industrial-2025-791x1024.jpg 791w, https:\/\/pralca.com.ve\/wp-content\/uploads\/2025\/08\/3-FICHA-COMERCIAL-PRALCA-MEG-GRADO-Industrial-2025-768x994.jpg 768w, https:\/\/pralca.com.ve\/wp-content\/uploads\/2025\/08\/3-FICHA-COMERCIAL-PRALCA-MEG-GRADO-Industrial-2025-1187x1536.jpg 1187w, https:\/\/pralca.com.ve\/wp-content\/uploads\/2025\/08\/3-FICHA-COMERCIAL-PRALCA-MEG-GRADO-Industrial-2025-1583x2048.jpg 1583w, https:\/\/pralca.com.ve\/wp-content\/uploads\/2025\/08\/3-FICHA-COMERCIAL-PRALCA-MEG-GRADO-Industrial-2025-scaled.jpg 1978w\" sizes=\"(max-width: 232px) 100vw, 232px\" \/><\/p>\r\n<p>&nbsp;<\/p>\r\n\r\n\r\n\r\n<p><span style=\"font-family: arial, helvetica, sans-serif;\"><strong>P<\/strong><strong>o<\/strong><strong>li<\/strong><strong>o<\/strong><strong>l<\/strong><strong>es<\/strong><\/span><\/p>\r\n<p><span style=\"font-family: arial, helvetica, sans-serif;\">\r\n\r\n<\/span><\/p>\r\n<p><span style=\"font-family: arial, helvetica, sans-serif;\">\u00a0 \u00a0 \u00a0Aislante t\u00e9rmico.<\/span><\/p>\r\n<p><span style=\"font-family: arial, helvetica, sans-serif;\">\r\n\r\n<\/span><\/p>\r\n<p><span style=\"font-family: arial, helvetica, sans-serif;\">\u00a0\u00a0\u00a0\u00a0 Goma espuma.<\/span><\/p>\r\n<p><span style=\"font-family: arial, helvetica, sans-serif;\">\r\n\r\n<\/span><\/p>\r\n<p><span style=\"font-family: arial, helvetica, sans-serif;\">\u00a0\u00a0\u00a0\u00a0 Pintura.<\/span><\/p>\r\n<p><span style=\"font-family: arial, helvetica, sans-serif;\">\r\n\r\n<\/span><\/p>\r\n<p><span style=\"font-family: arial, helvetica, sans-serif;\"><strong>Agente<\/strong> <strong>ester<\/strong><strong>i<\/strong><strong>l<\/strong><strong>i<\/strong><strong>zante<\/strong><\/span><\/p>\r\n<p><span style=\"font-family: arial, helvetica, sans-serif;\">\r\n\r\n<\/span><\/p>\r\n<p><span style=\"font-family: arial, helvetica, sans-serif;\">\u00a0\u00a0\u00a0\u00a0 Industria Farmac\u00e9utica.\u00a0<\/span><\/p>\r\n<p><span style=\"font-family: arial, helvetica, sans-serif;\">\u00a0 \u00a0 \u00a0Esterilizaci\u00f3n de material clinic.\u00a0 \u00a0 \u00a0 \u00a0 \u00a0 \u00a0 \u00a0 \u00a0 \u00a0 \u00a0 \u00a0 \u00a0 \u00a0 \u00a0 \u00a0 \u00a0 \u00a0 \u00a0 \u00a0 \u00a0 \u00a0 \u00a0 \u00a0 \u00a0 \u00a0 \u00a0 \u00a0 \u00a0 \u00a0 \u00a0 \u00a0 \u00a0 \u00a0 \u00a0 \u00a0 \u00a0 \u00a0 \u00a0 \u00a0 \u00a0 \u00a0 \u00a0 \u00a0 \u00a0 \u00a0 \u00a0 \u00a0 \u00a0 \u00a0 \u00a0 \u00a0 \u00a0 <a class=\"maxbutton-1 maxbutton maxbutton-meg-2022 popmake-417\" target=\"_blank\" rel=\"noopener\" href=\"#\"><span class='mb-text'>M\u00e1s Informaci\u00f3n<\/span><\/a>\u00a0 \u00a0 \u00a0 \u00a0 \u00a0 \u00a0 \u00a0 \u00a0 \u00a0 \u00a0 \u00a0 \u00a0 \u00a0 \u00a0 \u00a0 \u00a0 \u00a0 \u00a0 \u00a0 \u00a0 \u00a0 \u00a0 \u00a0 \u00a0 \u00a0 \u00a0 \u00a0 \u00a0 \u00a0 \u00a0 \u00a0 \u00a0 \u00a0 \u00a0 \u00a0 \u00a0 \u00a0 \u00a0 \u00a0 \u00a0 \u00a0 \u00a0 \u00a0\u00a0<\/span><\/p>\r\n<p><span style=\"font-family: arial, helvetica, sans-serif;\"><strong>Am<\/strong><strong>i<\/strong><strong>nas<\/strong><\/span><\/p>\r\n<p><span style=\"font-family: arial, helvetica, sans-serif;\">\r\n\r\n\r\n\r\n<\/span><\/p>\r\n<p><span style=\"font-family: arial, helvetica, sans-serif;\">\u00a0 \u00a0 \u00a0Complemento nutricional.<\/span><\/p>\r\n<p><span style=\"font-family: arial, helvetica, sans-serif;\">\r\n\r\n<\/span><\/p>\r\n<p><span style=\"font-family: arial, helvetica, sans-serif;\">\u00a0\u00a0\u00a0\u00a0 Anticorrosivos.<\/span><\/p>\r\n<p><span style=\"font-family: arial, helvetica, sans-serif;\">\r\n\r\n<\/span><\/p>\r\n<p><span style=\"font-family: arial, helvetica, sans-serif;\">\u00a0\u00a0\u00a0\u00a0 Desulfuraci\u00f3n de crudo.<\/span><\/p>\r\n<p><img decoding=\"async\" class=\"wp-image-1357 size-medium alignright\" src=\"https:\/\/pralca.com.ve\/wp-content\/uploads\/2025\/08\/5-FICHA-COMERCIAL-PRALCA-DEG-2025-232x300.jpg\" alt=\"\" width=\"232\" height=\"300\" srcset=\"https:\/\/pralca.com.ve\/wp-content\/uploads\/2025\/08\/5-FICHA-COMERCIAL-PRALCA-DEG-2025-232x300.jpg 232w, https:\/\/pralca.com.ve\/wp-content\/uploads\/2025\/08\/5-FICHA-COMERCIAL-PRALCA-DEG-2025-791x1024.jpg 791w, https:\/\/pralca.com.ve\/wp-content\/uploads\/2025\/08\/5-FICHA-COMERCIAL-PRALCA-DEG-2025-768x994.jpg 768w, https:\/\/pralca.com.ve\/wp-content\/uploads\/2025\/08\/5-FICHA-COMERCIAL-PRALCA-DEG-2025-1187x1536.jpg 1187w, https:\/\/pralca.com.ve\/wp-content\/uploads\/2025\/08\/5-FICHA-COMERCIAL-PRALCA-DEG-2025-1583x2048.jpg 1583w, https:\/\/pralca.com.ve\/wp-content\/uploads\/2025\/08\/5-FICHA-COMERCIAL-PRALCA-DEG-2025-scaled.jpg 1978w\" sizes=\"(max-width: 232px) 100vw, 232px\" \/><\/p>\r\n<p>&nbsp;<\/p>\r\n\r\n\r\n\r\n\r\n\r\n\r\n\r\n\r\n\r\n<h2 class=\"wp-block-heading\"><span style=\"font-family: arial, helvetica, sans-serif;\">Glicoles de Etileno<\/span><\/h2>\r\n<p><span style=\"font-family: arial, helvetica, sans-serif;\">\r\n\r\n<\/span><\/p>\r\n<p><span style=\"font-family: arial, helvetica, sans-serif;\">Por su parte, los Glicoles de Etileno son utilizados en:<\/span><\/p>\r\n<p><span style=\"font-family: arial, helvetica, sans-serif;\">\r\n\r\n<\/span><\/p>\r\n<p><span style=\"font-family: arial, helvetica, sans-serif;\">M<strong>onoetilen Glicol (MEG)<\/strong><\/span><\/p>\r\n<p><span style=\"font-family: arial, helvetica, sans-serif;\">\r\n\r\n<\/span><\/p>\r\n<p><span style=\"font-family: arial, helvetica, sans-serif;\">\u00a0 \u00a0 Fibra de poli\u00e9ster.\u00a0\u00a0\u00a0\u00a0\u00a0\u00a0\u00a0\u00a0\u00a0\u00a0\u00a0\u00a0\u00a0\u00a0\u00a0\u00a0 Envases de poli\u00e9ster.<\/span><\/p>\r\n<p><span style=\"font-family: arial, helvetica, sans-serif;\">\r\n\r\n<\/span><\/p>\r\n<p><span style=\"font-family: arial, helvetica, sans-serif;\">\u00a0 \u00a0 Film de poli\u00e9ster.\u00a0\u00a0\u00a0\u00a0\u00a0\u00a0\u00a0\u00a0\u00a0\u00a0\u00a0\u00a0\u00a0\u00a0\u00a0\u00a0\u00a0 Resinas de poli\u00e9ster.<\/span><\/p>\r\n<p><span style=\"font-family: arial, helvetica, sans-serif;\">\r\n\r\n<\/span><\/p>\r\n<p><span style=\"font-family: arial, helvetica, sans-serif;\">\u00a0 \u00a0 F\u00e1rmacos.\u00a0\u00a0\u00a0\u00a0\u00a0\u00a0\u00a0\u00a0\u00a0\u00a0\u00a0\u00a0\u00a0\u00a0\u00a0\u00a0\u00a0\u00a0\u00a0\u00a0\u00a0\u00a0\u00a0\u00a0\u00a0\u00a0\u00a0\u00a0 Pinturas.<\/span><\/p>\r\n<p><span style=\"font-family: arial, helvetica, sans-serif;\">\r\n\r\n<\/span><\/p>\r\n<p><span style=\"font-family: arial, helvetica, sans-serif;\"><strong>Dietilen Glicol (DEG)\u00a0 \u00a0 \u00a0 \u00a0 \u00a0 \u00a0 \u00a0 \u00a0 \u00a0 \u00a0 \u00a0 \u00a0 \u00a0 \u00a0 \u00a0 \u00a0 \u00a0 \u00a0 \u00a0 \u00a0 \u00a0 \u00a0 \u00a0 \u00a0 \u00a0 \u00a0 \u00a0 \u00a0 \u00a0 \u00a0 \u00a0 \u00a0 \u00a0 \u00a0 \u00a0 \u00a0 \u00a0 \u00a0 \u00a0 \u00a0 \u00a0 \u00a0 \u00a0 \u00a0 \u00a0 \u00a0 \u00a0 \u00a0 \u00a0 \u00a0 \u00a0 \u00a0 \u00a0 \u00a0 \u00a0 \u00a0 \u00a0 \u00a0 \u00a0 \u00a0 \u00a0 \u00a0 \u00a0 \u00a0 \u00a0 \u00a0 \u00a0<\/strong> <a class=\"maxbutton-1 maxbutton maxbutton-meg-2022 popmake-420\" target=\"_blank\" rel=\"noopener\" href=\"#\"><span class='mb-text'>M\u00e1s Informaci\u00f3n<\/span><\/a>\u00a0<\/span><\/p>\r\n<p><span style=\"font-family: arial, helvetica, sans-serif;\">\r\n\r\n<\/span><\/p>\r\n<p><span style=\"font-family: arial, helvetica, sans-serif;\">\u00a0 \u00a0 Anticongelantes.<\/span><\/p>\r\n<p><span style=\"font-family: arial, helvetica, sans-serif;\">\r\n\r\n<\/span><\/p>\r\n<p><span style=\"font-family: arial, helvetica, sans-serif;\">\u00a0 \u00a0 Resinas.\u00a0\u00a0\u00a0\u00a0\u00a0\u00a0\u00a0\u00a0\u00a0\u00a0\u00a0\u00a0\u00a0\u00a0\u00a0\u00a0\u00a0\u00a0\u00a0\u00a0\u00a0\u00a0\u00a0\u00a0\u00a0\u00a0\u00a0\u00a0\u00a0\u00a0<\/span><\/p>\r\n<p><span style=\"font-family: arial, helvetica, sans-serif;\">\r\n\r\n<\/span><\/p>\r\n<p><span style=\"font-family: arial, helvetica, sans-serif;\"><strong>Trietilen Glicol (TEG)\u00a0\u00a0\u00a0\u00a0\u00a0\u00a0\u00a0<\/strong><\/span><\/p>\r\n<p><span style=\"font-family: arial, helvetica, sans-serif;\">\r\n\r\n<\/span><\/p>\r\n<p><span style=\"font-family: arial, helvetica, sans-serif;\">\u00a0 \u00a0 Deshidrataci\u00f3n de gases.<\/span><\/p>\r\n\r\n\r\n\r\n\r\n\r\n<p><img loading=\"lazy\" decoding=\"async\" class=\"wp-image-1359 size-medium alignright\" src=\"https:\/\/pralca.com.ve\/wp-content\/uploads\/2025\/08\/9-FICHA-COMERCIAL-PRALCA-CEG-2025-232x300.jpg\" alt=\"\" width=\"232\" height=\"300\" srcset=\"https:\/\/pralca.com.ve\/wp-content\/uploads\/2025\/08\/9-FICHA-COMERCIAL-PRALCA-CEG-2025-232x300.jpg 232w, https:\/\/pralca.com.ve\/wp-content\/uploads\/2025\/08\/9-FICHA-COMERCIAL-PRALCA-CEG-2025-791x1024.jpg 791w, https:\/\/pralca.com.ve\/wp-content\/uploads\/2025\/08\/9-FICHA-COMERCIAL-PRALCA-CEG-2025-768x994.jpg 768w, https:\/\/pralca.com.ve\/wp-content\/uploads\/2025\/08\/9-FICHA-COMERCIAL-PRALCA-CEG-2025-1187x1536.jpg 1187w, https:\/\/pralca.com.ve\/wp-content\/uploads\/2025\/08\/9-FICHA-COMERCIAL-PRALCA-CEG-2025-1583x2048.jpg 1583w, https:\/\/pralca.com.ve\/wp-content\/uploads\/2025\/08\/9-FICHA-COMERCIAL-PRALCA-CEG-2025-scaled.jpg 1978w\" sizes=\"(max-width: 232px) 100vw, 232px\" \/><\/p>\r\n\r\n\r\n\r\n<h2 class=\"wp-block-heading\">\u00a0<\/h2>\r\n<h2><span style=\"font-family: arial, helvetica, sans-serif;\">Calidad de Nuestros<\/span><\/h2>\r\n<p><span style=\"font-family: arial, helvetica, sans-serif;\">\r\n\r\n\r\n\r\n<\/span><\/p>\r\n<p><span style=\"font-family: arial, helvetica, sans-serif;\">La calidad de nuestros productos es la siguiente:<\/span><\/p>\r\n<p><span style=\"font-family: arial, helvetica, sans-serif;\">\r\n\r\n<\/span><\/p>\r\n<p><span style=\"font-family: arial, helvetica, sans-serif;\"><strong>P: pureza \/ H2O: agua \/ T: transmitancia a 275 nm, 1: impurezas.<\/strong><\/span><\/p>\r\n<p><span style=\"font-family: arial, helvetica, sans-serif;\">\r\n\r\n<\/span><\/p>\r\n<p><span style=\"font-family: arial, helvetica, sans-serif;\"><strong>EO: <\/strong>(P: 99.8% m\u00edn., H2O: 50 ppm m\u00e1x.).<\/span><\/p>\r\n<p><span style=\"font-family: arial, helvetica, sans-serif;\">\r\n\r\n<\/span><\/p>\r\n<p><span style=\"font-family: arial, helvetica, sans-serif;\"><strong>MEG (Grado Fibra):\u00a0 <\/strong>P: 99.9%\u00a0 m\u00edn., H2O: 0.05%\u00a0 m\u00e1x. T: 95%\u00a0 m\u00edn., 1: 0.05% DEG m\u00e1x.).<\/span><\/p>\r\n<p><span style=\"font-family: arial, helvetica, sans-serif;\">\r\n\r\n<\/span><\/p>\r\n<p><span style=\"font-family: arial, helvetica, sans-serif;\"><strong>MEG (Grado Industrial): <\/strong>(P: 99.0% min., H2O: 0.3 m\u00e1x., 1: 0.5% DEG m\u00e1x.).<\/span><\/p>\r\n<p><span style=\"font-family: arial, helvetica, sans-serif;\"><strong>DEG: <\/strong>(P: 99.7% m\u00edn., H2O: 0.10% m\u00e1x. 1: 0.05%\u00a0 MEG m\u00e1x. y O.OS TEG m\u00e1x.).\u00a0 \u00a0 \u00a0 \u00a0 \u00a0 \u00a0 \u00a0 \u00a0 \u00a0 \u00a0 \u00a0 \u00a0 \u00a0 \u00a0 \u00a0 \u00a0 \u00a0 <a class=\"maxbutton-1 maxbutton maxbutton-meg-2022 popmake-422\" target=\"_blank\" rel=\"noopener\" href=\"#\"><span class='mb-text'>M\u00e1s Informaci\u00f3n<\/span><\/a>\u00a0 \u00a0<\/span><\/p>\r\n<p><span style=\"font-family: arial, helvetica, sans-serif;\"><strong>TEG: (<\/strong>P: 97.0% m\u00edn., H2O: 0.05% m\u00e1x., 1: 2% DEG m\u00e1x. y 1% CEG m\u00e1x.).\u00a0 \u00a0 \u00a0 \u00a0 \u00a0 \u00a0 \u00a0<\/span> \u00a0 \u00a0 \u00a0 \u00a0 \u00a0 \u00a0 \u00a0 \u00a0 \u00a0 \u00a0 \u00a0 \u00a0 \u00a0 \u00a0 \u00a0<\/p>\r\n\r\n\r\n","protected":false},"excerpt":{"rendered":"<p>Nuestro \u00d3xido de Etileno, as\u00ed como el MEG, DEG, TEG y CEG que producimos, cumple con los m\u00e1s altos est\u00e1ndares nacionales e internacionales. \u00a0 \u00d3xido de Etileno El \u00d3xido de Etileno es utilizado en la elaboraci\u00f3n de: Glicoles \u00a0\u00a0\u00a0\u00a0\u00a0 Envases pl\u00e1sticos. \u00a0\u00a0\u00a0\u00a0\u00a0 Secado de gases. \u00a0 \u00a0 \u00a0 Anticongelante aditivo t\u00e9rmico. \u00a0\u00a0\u00a0\u00a0\u00a0 Regulador de viscosidad.\u00a0 [&hellip;]<\/p>\n","protected":false},"author":1,"featured_media":0,"parent":0,"menu_order":0,"comment_status":"closed","ping_status":"closed","template":"","meta":{"footnotes":""},"class_list":["post-104","page","type-page","status-publish","hentry"],"_links":{"self":[{"href":"https:\/\/pralca.com.ve\/index.php?rest_route=\/wp\/v2\/pages\/104","targetHints":{"allow":["GET"]}}],"collection":[{"href":"https:\/\/pralca.com.ve\/index.php?rest_route=\/wp\/v2\/pages"}],"about":[{"href":"https:\/\/pralca.com.ve\/index.php?rest_route=\/wp\/v2\/types\/page"}],"author":[{"embeddable":true,"href":"https:\/\/pralca.com.ve\/index.php?rest_route=\/wp\/v2\/users\/1"}],"replies":[{"embeddable":true,"href":"https:\/\/pralca.com.ve\/index.php?rest_route=%2Fwp%2Fv2%2Fcomments&post=104"}],"version-history":[{"count":208,"href":"https:\/\/pralca.com.ve\/index.php?rest_route=\/wp\/v2\/pages\/104\/revisions"}],"predecessor-version":[{"id":1437,"href":"https:\/\/pralca.com.ve\/index.php?rest_route=\/wp\/v2\/pages\/104\/revisions\/1437"}],"wp:attachment":[{"href":"https:\/\/pralca.com.ve\/index.php?rest_route=%2Fwp%2Fv2%2Fmedia&parent=104"}],"curies":[{"name":"wp","href":"https:\/\/api.w.org\/{rel}","templated":true}]}}